221221.
1309
Calculate the highest common divisor of 424440 and 8895.
15
What is the highest common divisor of 9546070 and 2864?
358
What is the highest common factor of 7083029 and 47975?
1919
What is the greatest common divisor of 3025 and 2637725?
25
Calculate the greatest common divisor of 14364 and 274741596.
684
Calculate the greatest common divisor of 792168 and 7176.
312
Calculate the highest common divisor of 667 and 5167985.
23
What is the highest common factor of 676917 and 917379?
1647
Calculate the greatest common factor of 1808943 and 6572.
1643
Calculate the highest common factor of 2399080 and 6660.
740
Calculate the greatest common factor of 825331619 and 19198.
9599
What is the greatest common divisor of 1623 and 18342?
3
Calculate the highest common divisor of 5835 and 106185.
15
What is the greatest common factor of 1328582 and 334918?
2218
What is the highest common factor of 1695450 and 1100?
50
What is the greatest common factor of 19563 and 219?
3
What is the highest common divisor of 152 and 1292380?
76
What is the greatest common factor of 4887 and 2700339?
543
What is the highest common factor of 1332835 and 339?
113
What is the highest common factor of 217898 and 606?
2
Calculate the greatest common divisor of 21 and 11839541.
7
What is the greatest common factor of 26 and 2786355?
13
What is the highest common factor of 66378 and 1658414?
74
What is the greatest common factor of 583916 and 19838388?
2108
What is the highest common divisor of 223632 and 14886?
18
Calculate the highest common factor of 390 and 52574940.
30
What is the highest common factor of 54286665 and 274240?
4285
What is the greatest common divisor of 3617212 and 22?
2
Calculate the greatest common divisor of 13446685 and 21679.
1141
Calculate the highest common divisor of 45386 and 6294213.
2063
What is the greatest common divisor of 4340 and 71136072?
868
Calculate the greatest common factor of 35577922 and 2086.
298
Calculate the greatest common divisor of 226435839 and 4242.
2121
What is the highest common divisor of 50203569 and 1273?
67
What is the greatest common divisor of 2119 and 23618537?
163
What is the highest common divisor of 615 and 8167110?
15
What is the highest common factor of 13005 and 572505?
15
Calculate the highest common factor of 1268 and 195291654.
634
What is the greatest common factor of 9600 and 255400?
200
Calculate the highest common divisor of 1231825 and 1477.
7
Calculate the highest common divisor of 132345 and 731.
17
Calculate the greatest common divisor of 9152 and 20701984.
32
What is the highest common divisor of 3010 and 344785?
35
Calculate the highest common factor of 7593480 and 146940.
4740
Calculate the highest common factor of 2769 and 1372359.
213
What is the highest common factor of 407796 and 2?
2
What is the greatest common divisor of 640 and 9250944?
128
Calculate the greatest common factor of 2592 and 534984.
24
What is the greatest common divisor of 50568 and 35952?
168
What is the highest common divisor of 301618234 and 692?
346
What is the highest common divisor of 3177367 and 1874?
937
Calculate the highest common factor of 9236583 and 379476.
1143
What is the highest common divisor of 2192104 and 5?
1
What is the greatest common divisor of 347805 and 13050?
45
What is the highest common factor of 1152280 and 1280?
40
Calculate the greatest common divisor of 206091 and 9351.
9
What is the highest common divisor of 3106719 and 2772?
693
Calculate the highest common factor of 15318 and 30176.
46
What is the highest common factor of 12774548 and 204?
68
What is the highest common factor of 225 and 16158780?
45
What is the highest common factor of 8519838 and 30?
6
Calculate the highest common divisor of 15 and 18446553.
3
Calculate the greatest common divisor of 130 and 12864085.
65
What is the highest common divisor of 3072140 and 65?
5
What is the greatest common factor of 8 and 28636676?
4
What is the highest common divisor of 134746880 and 3200?
640
Calculate the greatest common factor of 6422520 and 1144.
104
Calculate the greatest common factor of 30 and 663414135.
15
What is the highest common factor of 40592 and 414454468?
10148
Calculate the highest common divisor of 9638789 and 89.
89
What is the greatest common factor of 4032788 and 608?
76
Calculate the greatest common factor of 25116 and 3760224.
3588
Calculate the highest common divisor of 339599 and 931217.
151
Calculate the highest common divisor of 20 and 123267208.
4
What is the greatest common divisor of 662 and 92371839?
331
Calculate the greatest common divisor of 18600 and 659616.
24
What is the highest common divisor of 22401525 and 25?
25
What is the greatest common divisor of 193376 and 5024?
32
Calculate the highest common factor of 16378 and 3381626.
862
Calculate the highest common divisor of 779935 and 13135.
355
Calculate the highest common divisor of 757252 and 1081.
23
What is the greatest common factor of 126 and 17813894?
14
What is the greatest common divisor of 1121190 and 10058790?
3990
Calculate the highest common factor of 1884179 and 404109.
1663
Calculate the highest common factor of 29691 and 26721.
9
What is the highest common divisor of 6465 and 27727092?
1293
Calculate the greatest common factor of 16450602 and 201117.
1281
Calculate the highest common factor of 45 and 2372640.
15
What is the highest common factor of 224 and 44071048?
56
Calculate the highest common factor of 1116706509 and 1073.
1073
What is the greatest common divisor of 58363507 and 411?
137
Calculate the greatest common divisor of 142428 and 180440.
52
Calculate the highest common factor of 595773 and 183.
3
Calculate the highest common divisor of 99197659 and 99.
11
What is the highest common divisor of 230671924 and 112?
28
Calculate the greatest common divisor of 25616199 and 209.
19
Calculate the highest common divisor of 3547536 and 336.
48
Calculate the highest common factor of 260 and 38030980.
260
Calculate the greatest common divisor of 63 and 5208861.
21
Calculate the highest common divisor of 1710 and 3561220.
10
What is the highest common divisor of 655844 and 109917?
59
What is the highest common divisor of 134190 and 16046?
142
What is the highest common divisor of 820 and 274719844?
164
Calculate the greatest common factor of 2460 and 14353620.
60
What is the highest common factor of 171551350 and 50?
50
Calculate the greatest common divisor of 2968 and 2236600.
424
Calculate the greatest common divisor of 87291754 and 1474.
1474
What is the highest common divisor of 2583478062 and 558?
558
Calculate the greatest common factor of 1108 and 3461115.
277
Calculate the highest common divisor of 858 and 337294815.
429
What is the greatest common divisor of 20281284 and 1592?
796
What is the greatest common divisor of 40710334 and 14?
14
What is the highest common divisor of 69480 and 12545?
965
What is the highest common divisor of 1071593 and 69?
23
Calculate the highest common divisor of 9796014 and 6.
6
What is the highest common factor of 191520 and 273486?
114
Calculate the greatest common divisor of 3384 and 20456.
8
What is the highest common factor of 11583 and 2869581?
429
Calculate the greatest common divisor of 26 and 13470613.
13
What is the greatest common divisor of 518 and 17141138?
518
Calculate the highest common divisor of 785 and 245995.
5
What is the greatest common divisor of 27639909 and 297?
99
Calculate the greatest common factor of 10975536 and 15886.
338
What is the highest common factor of 10520 and 1025174?
526
Calculate the highest common divisor of 20197 and 13232224.
1063
What is the highest common divisor of 102 and 13801416?
102
What is the greatest common factor of 17779331 and 307547?
3893
What is the highest common factor of 10951303 and 11?
11
Calculate the greatest common factor of 13186969 and 1083.
361
Calculate the highest common divisor of 6871 and 477939889.
6871
Calculate the greatest common divisor of 507714 and 1776.
222
What is the greatest common factor of 870 and 1917030?
30
What is the highest common factor of 130855732 and 1884?
628
What is the highest common factor of 3657427 and 2369?
103
Calculate the greatest common divisor of 25680 and 3929760.
240
What is t